{"id":509,"date":"2026-02-13T16:09:17","date_gmt":"2026-02-13T15:09:17","guid":{"rendered":"https:\/\/editions-hyperion.fr\/?page_id=509"},"modified":"2026-03-25T18:13:28","modified_gmt":"2026-03-25T17:13:28","slug":"temoignages","status":"publish","type":"page","link":"https:\/\/editions-hyperion.fr\/index.php\/temoignages\/","title":{"rendered":"T\u00e9moignages \u2666"},"content":{"rendered":"\n<p>Merci pour ces fichiers. J&rsquo;utilise la Grammaire Myst\u00e8re et les enqu\u00eates mot \u00e0 mot en alternant un jour sur 2. [&#8230;] C&rsquo;est un rituel que mes \u00e9l\u00e8ves sont maintenant impatients de faire chaque matin.<\/p>\n\n\n\n<p class=\"has-text-align-right\">La\u00ebtitia (d\u00e9partement 54)<\/p>\n\n\n\n<hr class=\"wp-block-separator has-alpha-channel-opacity\"\/>\n\n\n\n<p>J&rsquo;utilise les grilles additives (avec et sans trous) ainsi que les exercices de calcul mental depuis plusieurs mois maintenant. Ce sont des exercices tr\u00e8s appr\u00e9ci\u00e9s par mes \u00e9l\u00e8ves. Effectivement, je vais pouvoir reprendre la grande majorit\u00e9 des exercices de calcul mental avec les nombres d\u00e9cimaux. J&rsquo;adore la smiplicit\u00e9 et la rapidit\u00e9 de mise en place de ces exercices ! J&rsquo;ai mis \u00e0 contribution mes \u00e9l\u00e8ves (quand ils sont en autonomie et volontaires) pour la d\u00e9coupe \u00e0 la rogneuse des exercices&#8230;<\/p>\n\n\n\n<p class=\"has-text-align-right\">Fr\u00e9d\u00e9ric (d\u00e9partement 56)<\/p>\n\n\n\n<hr class=\"wp-block-separator has-alpha-channel-opacity\"\/>\n\n\n\n<p>Dans mon \u00e9cole, nous avons fait l&rsquo;acquisition du fichier des rituels de num\u00e9ration. Le(s) rituel(s) \u00ab\u00a0nombre du jour\u00a0\u00bb m&rsquo;ont \u00e9t\u00e9 bien utiles comme petits exercices qui revenaient souvent sur les nombres entiers. La fraction du jour (surtout celles &gt;1) ont permis \u00e0 mes \u00e9l\u00e8ves de ma\u00eetriser plus rapidement cette notion. Enfin, je commence \u00e0 utiliser les nombres du jour avec les nombres d\u00e9cimaux et cela me plait bien ainsi qu&rsquo;\u00e0 mes \u00e9l\u00e8ves. Nous utilisons \u00e9galement les 3 fichiers de grilles additives : j&rsquo;ai gard\u00e9 les 2 types de grilles de dimensions 4&#215;4 et ma coll\u00e8gue de CE utilise les grilles 3&#215;3 qui sont un peu simples pour mes \u00e9l\u00e8ves.<\/p>\n\n\n\n<p class=\"has-text-align-right\">B\u00e9n\u00e9dicte (d\u00e9partement 17)<\/p>\n\n\n\n<hr class=\"wp-block-separator has-alpha-channel-opacity\"\/>\n\n\n\n<p>Suite \u00e0 votre mail, j&rsquo;ai t\u00e9l\u00e9charg\u00e9 les documents de la section Bonus et effectivement j&rsquo;ai eu envie de poursuivre avec vos fichiers. Je pratique quasiment chaque matin un exercice de calcul mental et un exercice de fran\u00e7ais (j&rsquo;alterne entre orthogramm et grammaire myst\u00e8re). Mes \u00e9l\u00e8ves appr\u00e9cient vos exercices et je peux facilement diff\u00e9rencier pour mes \u00e9l\u00e8ves qui sont plus en difficult\u00e9s.<\/p>\n\n\n\n<p class=\"has-text-align-right\">Emilie (d\u00e9partement 60)<\/p>\n\n\n\n<hr class=\"wp-block-separator has-alpha-channel-opacity\"\/>\n","protected":false},"excerpt":{"rendered":"<p>Merci pour ces fichiers. J&rsquo;utilise la Grammaire Myst\u00e8re et les enqu\u00eates mot \u00e0 mot en alternant un jour sur 2. [&#8230;] C&rsquo;est un rituel que mes \u00e9l\u00e8ves sont maintenant impatients de faire chaque matin. La\u00ebtitia (d\u00e9partement 54) J&rsquo;utilise les grilles additives (avec et sans trous) ainsi que les exercices de calcul mental depuis plusieurs mois [&hellip;]<\/p>\n","protected":false},"author":1,"featured_media":0,"parent":0,"menu_order":9,"comment_status":"closed","ping_status":"closed","template":"","meta":{"footnotes":""},"class_list":["post-509","page","type-page","status-publish","hentry"],"_links":{"self":[{"href":"https:\/\/editions-hyperion.fr\/index.php\/wp-json\/wp\/v2\/pages\/509","targetHints":{"allow":["GET"]}}],"collection":[{"href":"https:\/\/editions-hyperion.fr\/index.php\/wp-json\/wp\/v2\/pages"}],"about":[{"href":"https:\/\/editions-hyperion.fr\/index.php\/wp-json\/wp\/v2\/types\/page"}],"author":[{"embeddable":true,"href":"https:\/\/editions-hyperion.fr\/index.php\/wp-json\/wp\/v2\/users\/1"}],"replies":[{"embeddable":true,"href":"https:\/\/editions-hyperion.fr\/index.php\/wp-json\/wp\/v2\/comments?post=509"}],"version-history":[{"count":14,"href":"https:\/\/editions-hyperion.fr\/index.php\/wp-json\/wp\/v2\/pages\/509\/revisions"}],"predecessor-version":[{"id":633,"href":"https:\/\/editions-hyperion.fr\/index.php\/wp-json\/wp\/v2\/pages\/509\/revisions\/633"}],"wp:attachment":[{"href":"https:\/\/editions-hyperion.fr\/index.php\/wp-json\/wp\/v2\/media?parent=509"}],"curies":[{"name":"wp","href":"https:\/\/api.w.org\/{rel}","templated":true}]}}